- 115 = -5*b. Suppose -2*m + q = 13. Is m prime?
False
Let a = -6 + 12. Suppose a*s - 20 - 76 = 0. Let c(b) = b**3 - 16*b**2 + 13*b - 9. Is c(s) a prime number?
True
Let p(y) = -y**3 - 3*y**2 + 3*y - 4. Let k be p(2). Let c(i) = 4*i**2 + 10*i - 39. Is c(k) composite?
True
Let b(h) = -h**3 + 6*h**2 + 3. Let m = 36 + -30. Let j be b(m). Suppose 12 = j*c, 3*s - 608 - 297 = 4*c. Is s a prime number?
True
Let f(c) = -c**3 - 22*c**2 + 22*c - 20. Let t be f(-23). Suppose 0 = -t*b + 3*s + 234, -3*b + 389 = 2*b - 4*s. Is b a prime number?
False
Let h = -979 + 2463. Suppose -2*n + 3*s + 6051 - h = 0, 2*n = -5*s + 4575. Is n prime?
False
Let g be 7/(2/18*-3). Let b = -21 - g. Suppose b = -2*i + 7 + 167. Is i a composite number?
True
Let y(x) = -x**2 - 5*x - 4. Let m be y(-3). Let u be m - 1 - (-546 - 8). Suppose -7*f + 2*f + u = 0. Is f a prime number?
False
Suppose 0 = 5*g - x + 18, 2*g - 4*x + 21 = -g. Let s be (-1)/(5/30*g). Is s/(-5) + (-1854)/(-10) a prime number?
False
Let g be (0 + -3)/(3/(-41)). Suppose -2*v - 25 = -6*v + 5*f, -5*v = -3*f - g. Is v*7/(-4)*-2 a composite number?
True
Suppose -2*f + 1761 = -7*f + w, -353 = f - w. Let r = f - -795. Is r composite?
False
Suppose -1 = 2*q + 9, -2*q + 2 = -f. Is ((-4)/6)/(f/17406) prime?
True
Let n(u) = -6*u**3 + 6*u**2 - 20*u - 1. Is n(-9) prime?
True
Suppose -10436 = 18*y - 22*y. Is y a composite number?
False
Let m(u) be the first derivative of u**4/4 + 7*u**3/3 - 5*u**2/2 - 7*u + 3. Let p be m(-7). Is 5*(4 + -3 + p) prime?
False
Let w = 235 + -92. Is w a composite number?
True
Let z = -4339 + 6444. Is z composite?
True
Let q(l) = -13*l**2 - 4*l - 12. Let o(y) = -27*y**2 - 9*y - 25. Let c(w) = 2*o(w) - 5*q(w). Is c(3) prime?
False
Let u be 25729/10 + (-8)/(-80). Is (u - 4/2) + 3 + -5 a prime number?
False
Suppose -362*y = -377*y + 97305. Is y a prime number?
False
Suppose 23*n - 6*n - 77095 = 0. Is n prime?
False
Suppose 3*o = -o - 3824. Suppose 0 = -i - f + 11, -3*i - f + 41 = 12. Is o/(-16) - i/12 a prime number?
True
Let f(o) = o**3 - 4*o**2 - 5*o + 3. Let v(y) = y**2 + 8*y - 4. Suppose 2*t - 3*t - 9 = 0. Let q be v(t). Is f(q) a prime number?
True
Let x = -36 - -39. Suppose 0 = -3*p - p - x*a + 2723, 15 = -5*a. Is p prime?
True
Suppose -g - 16 = -19, 0 = 2*n + 4*g - 35426. Is n a prime number?
True
Suppose -3*u - d - 21 = 0, -3*u + 3*d - 3 = -u. Let r(m) = -4*m - 34. Let g(a) = -5*a - 33. Let w(h) = u*r(h) + 5*g(h). Is w(0) prime?
False
Let q be (-23220)/(-16) - 3/12. Suppose 6*k - q = 4267. Is k a composite number?
False
Let f(h) = 0 - 4 - h + 1. Let s be f(-6). Suppose -17 = 5*o - 4*c - 302, s*o - 149 = -2*c. Is o composite?
False
Is 888*19 + 405/(-135) a prime number?
False
Suppose 12259 = 3*k + 5*w, 20*k - 19*k - 3*w = 4077. Is k composite?
True
Let v = -106 + 105. Is 1/(1*v/(-163)) a prime number?
True
Is 9189 + 7 - 2 - (7 + -10) prime?
False
Suppose 0 = 4*d + 5*v - 1993, -2*v - 15 = 3*v. Is d a composite number?
True
Let u = 46 - 17. Let k = u - 26. Suppose 936 = j + k*j + 4*n, 5*n = -j + 238. Is j a prime number?
True
Let f be (-80 + 2)*(-10)/4. Let j(m) = -2*m**3 + 13*m**2 - 4*m - 10. Let n be j(6). Suppose -z = 4*u - 260, n*z + f = 2*u + u. Is u prime?
False
Let g(t) = -26*t - 36. Let d be g(-20). Let y = 735 - d. Is y a composite number?
False
Suppose 2*n + 38 = 3*r, -n - 17 = -2*r + 2*n. Suppose 0 = 3*u - 22 + r. Let h(d) = 36*d - 3. Is h(u) a composite number?
True
Let n be ((-1588)/3)/(64/(-96)). Suppose -6*f - n = -4604. Is f prime?
False
Suppose 4*s = b + 41801, -5*s + 43618 = -2*b - 8631. Is s a composite number?
True
Let w(y) = -y**3 - 4*y**2 - 12*y - 7. Let b be w(-8). Suppose 4*l - b = -f, f + 3*l - 341 = -0*l. Is f prime?
False
Let t = 92215 + -14304. Is t a prime number?
False
Let w(s) be the third derivative of s**8/6720 - s**7/420 + s**6/360 - 3*s**5/40 + s**4/8 + 4*s**2. Let t(j) be the second derivative of w(j). Is t(6) prime?
True
Let q(d) = -33*d + 14. Let m = -28 + 17. Is q(m) a composite number?
True
Suppose 332738 - 46952 = 18*g. Is g a composite number?
False
Suppose 0 = 4*l - 5*r + 66098, -r = l - 5*l - 66106. Is (1 - 2)/(99165/l - -6) a composite number?
True
Let p be (-1 - 1) + 39/3 + -8. Is (-4 - (1 - p - 3))*2917 a prime number?
True
Let i = -64 + 163. Suppose -2555 = -i*n + 94*n. Is n prime?
False
Let h = -5 + 21. Suppose h = -7*x + 6*x - 3*j, 2*x - j + 11 = 0. Is (-26)/91 + (-1479)/x a composite number?
False
Let v = -12 + -22. Suppose f + 2 + 0 = 0. Is -3 + (f + 4 - v) a prime number?
False
Let f = 26 - -3953. Is f composite?
True
Let k = 146007 - 52768. Is k a composite number?
False
Let g(f) = -8*f**2 - 2*f + 9. Let l(c) = 3*c**2 + c - 3. Let j(k) = 4*g(k) + 11*l(k). Is j(-14) composite?
False
Suppose 7*k = 12*k - 10. Suppose -k*u + 5*f = -584 - 302, 2*u - 2*f = 892. Suppose 5*h + u - 2118 = 0. Is h composite?
True
Let y = -1 + 4. Let g be (y + (1 - 7))/(-1). Suppose -g*q = 2*p - 22, 2*p - p = -2*q + 16. Is q composite?
True
Suppose 2*k = 68 + 16. Let j be (4/6)/((-4)/k). Let g(n) = -13*n - 9. Is g(j) prime?
False
Suppose 12*c - 15985 = 10619. Is (c/(-4))/(((-1)/(-4))/(-1)) a composite number?
True
Let f be (-4)/(4/5)*4. Is 24/(-9)*915/f composite?
True
Let l = 77694 - 31673. Is l a composite number?
False
Let t = -10 - -12. Suppose -q + t = -6. Let o(d) = -d**3 + 8*d**2 + 4*d + 11. Is o(q) a composite number?
False
Suppose 15*f + 28 = 8*f. Is (-1 + (-1467)/(-6))/((-2)/f) composite?
False
Let p(v) = 5*v**2 - 2*v + 3. Suppose -4*s - 2*u + 66 = -0*u, -3*s = -3*u - 27. Suppose a = -3*h + s, -h - h = -6. Is p(a) a prime number?
False
Suppose 2776 = 8*d - 2520. Is d a composite number?
True
Suppose -3*k = -4*k + 16852. Suppose -5*x = 5*g - 17620 + 770, 0 = -5*x - 3*g + k. Is x composite?
False
Let i(j) be the first derivative of j**3 + 3*j**2/2 - 17*j + 6. Is i(9) a composite number?
True
Let w(l) = -1 + 10 + 2*l - 12*l + 8. Is w(-6) a composite number?
True
Let b(a) = 20*a + 5. Let m be b(5). Let t = -37 + m. Suppose 13 = -z + t. Is z composite?
True
Let x(c) be the first derivative of -155*c**2/2 + 3*c - 2. Let k be x(-3). Suppose -g - 681 = -5*v + 129, -3*v = 3*g - k. Is v composite?
True
Let f(y) = -2*y**2 + 3*y + 3. Suppose 3*d = 10 - 1. Let a be f(d). Is (4/a)/((-2)/669) composite?
False
Suppose -4*n + 4 = 5*z - 2, -2*n = -2*z + 6. Is ((-5)/(-10))/(z/596) prime?
True
Let n = 11590 - 7797. Is n prime?
True
Let w(d) be the first derivative of 177*d**3 - 3*d**2 + d - 15. Is w(-4) prime?
True
Let i be (1644 - 9/3) + -5. Suppose 907 = 3*v + u, -5*u = 5*v - i + 111. Is v composite?
True
Let z(k) = 8*k**2 - 15*k - 19. Let t = -49 - -35. Is z(t) composite?
False
Let p = -21723 + 32055. Let i be p/15 + 2/10. Let k = i + -282. Is k prime?
False
Let x = 940 - -282. Suppose x = 7*l - 1732. Is l a composite number?
True
Let o be (-63)/(-14)*2/3. Let u be 1/o*(-2 - -17). Let d(f) = 2*f**2 - 6*f - 1. Is d(u) a composite number?
False
Let g be (1 + 1 + -3)*1. Let w be 12/(20/(-8) - g). Is w - -7 - (-87 + -1) prime?
False
Suppose -5*i = 2*r - 5, -5*i + r + 5 = -0*i. Is 97543/138 + i/6 a composite number?
True
Suppose v - 6301 = -2*n, 3*v = -2*n + 7*v + 6306. Is n prime?
False
Suppose -7*z = -3*z - 6456. Suppose 7*a = a + z. Is a prime?
True
Let l(p) = -4*p**3 - 2*p - 1. Let t be l(-1). Suppose 9*w = t*w + 1636. Is w a composite number?
False
Let z = -25 - -33. Let s = -8 + z. Suppose -3*g + 354 = 4*i, -2*i - g + 176 = -s*g. Is i prime?
False
Let y = 187 - -7. Suppose 2*w + y = 4*w. Is w composite?
False
Suppose -10*s + 2142 = -4*s. Let a = s + -146. Is a a prime number?
True
Is 5/2*92/115 - -8455 a prime number?
False
Suppose -2*n + 61767 = -z, 0 = 3*n + 4*z - 3*z - 92648. Is n a composite number?
True
Is 11742/14 + (80/(-14) - -6) a composite number?
False
Let v = -2 + 1. Let l(g) = -67*g. Is l(v) prime?
True
Let j = 14 + -11. Suppose -5*s + 6*a + 213 = 3*a, -3*s = -4*a - 119. Suppose -4*r + r + s = -3*h, -j*h = 12. Is r composite?
False
Is 198/(-44) + 9/(-6) + 38267 composite?
False
Let v(p) = -5*p**3 - p**2 + 1. Let c be v(-1). Suppose -2*f = c*f - 21. Suppose 0 = -k - m + 305, 5*m - 427 - 492 = -f*k. Is k a composite number?
True
Let t(k) = -8*k**2 + 25*k. Let b be t(3). Suppose b*z = 5*o + 6*z - 9235, -4*z + 1847 = o. Is o prime?
True
Let c(y) = -66*y + 269. Is